{"id":3144,"date":"2025-03-18T22:11:44","date_gmt":"2025-03-18T21:11:44","guid":{"rendered":"https:\/\/iracacapital.com\/?page_id=3144"},"modified":"2025-03-18T22:17:04","modified_gmt":"2025-03-18T21:17:04","slug":"sergio-naranjo","status":"publish","type":"page","link":"https:\/\/iracacapital.com\/?page_id=3144","title":{"rendered":"Sergio Naranjo"},"content":{"rendered":"\t\t<div data-elementor-type=\"wp-post\" data-elementor-id=\"3144\" class=\"elementor elementor-3144\">\n\t\t\t\t<div class=\"elementor-element elementor-element-815e168 e-flex e-con-boxed e-con e-parent\" data-id=\"815e168\" data-element_type=\"container\">\n\t\t\t\t\t<div class=\"e-con-inner\">\n\t\t<div class=\"elementor-element elementor-element-7afa690 e-con-full e-flex e-con e-child\" data-id=\"7afa690\" data-element_type=\"container\">\n\t\t\t\t<div class=\"elementor-element elementor-element-7deb65c elementor-widget elementor-widget-image\" data-id=\"7deb65c\" data-element_type=\"widget\" data-widget_type=\"image.default\">\n\t\t\t\t<div class=\"elementor-widget-container\">\n\t\t\t<style>\/*! elementor - v3.22.0 - 26-06-2024 *\/\n.elementor-widget-image{text-align:center}.elementor-widget-image a{display:inline-block}.elementor-widget-image a img[src$=\".svg\"]{width:48px}.elementor-widget-image img{vertical-align:middle;display:inline-block}<\/style>\t\t\t\t\t\t\t\t\t\t<img fetchpriority=\"high\" decoding=\"async\" width=\"683\" height=\"1024\" src=\"https:\/\/iracacapital.com\/wp-content\/uploads\/2025\/03\/1C5A0487-683x1024.jpg\" class=\"attachment-large size-large wp-image-3147\" alt=\"\" srcset=\"https:\/\/iracacapital.com\/wp-content\/uploads\/2025\/03\/1C5A0487-683x1024.jpg 683w, https:\/\/iracacapital.com\/wp-content\/uploads\/2025\/03\/1C5A0487-200x300.jpg 200w, https:\/\/iracacapital.com\/wp-content\/uploads\/2025\/03\/1C5A0487-768x1152.jpg 768w, https:\/\/iracacapital.com\/wp-content\/uploads\/2025\/03\/1C5A0487-1024x1536.jpg 1024w, https:\/\/iracacapital.com\/wp-content\/uploads\/2025\/03\/1C5A0487-1366x2048.jpg 1366w, https:\/\/iracacapital.com\/wp-content\/uploads\/2025\/03\/1C5A0487.jpg 1667w\" sizes=\"(max-width: 683px) 100vw, 683px\" \/>\t\t\t\t\t\t\t\t\t\t\t\t\t<\/div>\n\t\t\t\t<\/div>\n\t\t\t\t<\/div>\n\t\t<div class=\"elementor-element elementor-element-2e6953a e-con-full e-flex e-con e-child\" data-id=\"2e6953a\" data-element_type=\"container\">\n\t\t\t\t<div class=\"elementor-element elementor-element-38b989e elementor-widget elementor-widget-lastudio-testimonials\" data-id=\"38b989e\" data-element_type=\"widget\" data-widget_type=\"lastudio-testimonials.default\">\n\t\t\t\t<div class=\"elementor-widget-container\">\n\t\t\t\n<div class=\"lastudio-testimonials preset-type-5\">\n\t<div class=\"grid-items block-grid-1\"  dir=\"ltr\"><div class=\"lastudio-testimonials__item grid-item\">\n\t<div class=\"lastudio-testimonials__item-inner\">\n\t\t<div class=\"lastudio-testimonials__content\"><div class=\"lastudio-testimonials__comment\"><div>Administrador de Empresas egresado de \"University of West Florida\", con maestr\u00eda en Finanzas de \"New York University\". Sergio lleva mas de 26 a\u00f1os en el sector financiero tanto en Estados Unidos como en Colombia y su experiencia ha estado concentrada principalmente en la gesti\u00f3n de portafolios de inversi\u00f3n, al igual que la negociaci\u00f3n de activos financieros.<\/div><\/div><div class=\"lastudio-testimonials__name\"><span>Sergio Naranjo<\/span><\/div><div class=\"lastudio-testimonials__position\"><span>Head of Global Banking Relationships<\/span><\/div><div class=\"lastudio-testimonials__rating\"><span class=\"star-rating\"><span style=\"width: 100%\"><\/span><\/span><\/div><\/div>\n\t<\/div>\n<\/div><\/div>\n<\/div>\t\t<\/div>\n\t\t\t\t<\/div>\n\t\t\t\t<\/div>\n\t\t\t\t\t<\/div>\n\t\t\t\t<\/div>\n\t\t\t\t<\/div>\n\t\t","protected":false},"excerpt":{"rendered":"","protected":false},"author":1,"featured_media":0,"parent":0,"menu_order":0,"comment_status":"closed","ping_status":"closed","template":"","meta":{"footnotes":""},"class_list":["post-3144","page","type-page","status-publish","hentry"],"_links":{"self":[{"href":"https:\/\/iracacapital.com\/index.php?rest_route=\/wp\/v2\/pages\/3144","targetHints":{"allow":["GET"]}}],"collection":[{"href":"https:\/\/iracacapital.com\/index.php?rest_route=\/wp\/v2\/pages"}],"about":[{"href":"https:\/\/iracacapital.com\/index.php?rest_route=\/wp\/v2\/types\/page"}],"author":[{"embeddable":true,"href":"https:\/\/iracacapital.com\/index.php?rest_route=\/wp\/v2\/users\/1"}],"replies":[{"embeddable":true,"href":"https:\/\/iracacapital.com\/index.php?rest_route=%2Fwp%2Fv2%2Fcomments&post=3144"}],"version-history":[{"count":6,"href":"https:\/\/iracacapital.com\/index.php?rest_route=\/wp\/v2\/pages\/3144\/revisions"}],"predecessor-version":[{"id":3151,"href":"https:\/\/iracacapital.com\/index.php?rest_route=\/wp\/v2\/pages\/3144\/revisions\/3151"}],"wp:attachment":[{"href":"https:\/\/iracacapital.com\/index.php?rest_route=%2Fwp%2Fv2%2Fmedia&parent=3144"}],"curies":[{"name":"wp","href":"https:\/\/api.w.org\/{rel}","templated":true}]}}